3). List the prime factors of 4/14 - u/42.
2
Suppose -t - t = -4. Suppose -5*i = -2*g - 0 - 52, t*g + 12 = i. What are the prime factors of i?
2, 5
What are the prime factors of 1*-2 + 324/2?
2, 5
Suppose -7*q = -4*q. What are the prime factors of 3 - q - (-1 + -8)?
2, 3
What are the prime factors of (1/2)/(15/5220)?
2, 3, 29
Let v(s) = -1 + 3 + 3 - s**2 - 7*s - 1. List the prime factors of v(-6).
2, 5
Let g(l) = 2*l**2 - 12*l + 13. What are the prime factors of g(10)?
3, 31
Suppose -228 = -v + g, 3*v - 2*v - 3*g = 230. List the prime factors of v.
227
Let l(i) = 6*i - 2. What are the prime factors of l(4)?
2, 11
Let y = -1 + 4. Suppose -4 = -3*u + y*l + 8, 0 = 3*u + 4*l - 19. Suppose 4*s - 2*s - 36 = -u*c, 0 = -s + 4*c - 8. What are the prime factors of s?
2
Suppose 4*w = -3*u - 18, -4*w + 2 = -6*w + 2*u. Let d be 3/3 + w/(-1). Suppose -l = -2 - d. What are the prime factors of l?
2, 3
Let i be (4/(-3))/(1/(-3)). Let p be 2*((-10)/i)/5. Let u = 6 + p. What are the prime factors of u?
5
Suppose -14*l + 52 = -12*l. List the prime factors of l.
2, 13
Suppose -6*r + 4*r - 4 = 0. Let x be 2 + (1 - (-6)/r). Suppose x = 3*m - 4*b - 22, 2*m + b - 24 = 6*b. What are the prime factors of m?
2
Let o = -14 + 7. Let j = -2 - o. What are the prime factors of j?
5
Suppose 5*q = u + 57 - 10, -2*q = -4*u - 26. List the prime factors of q.
3
Let f be ((-22)/(-4) + -2)*8. Suppose f = -4*y - 0. Let x(u) = u**2 + 7*u + 9. List the prime factors of x(y).
3
Suppose 10 + 6 = j + 3*f, -2*f = j - 11. Let l(c) = 18*c**3 - c. List the prime factors of l(j).
17
Suppose h = 8 - 3. Suppose -h*n = 4*l - 31, -l = l - 8. List the prime factors of n.
3
Let g(j) = -j**2 - 6*j + 3. Suppose 1 = a - 4. Let d(s) = -s**2 + 4*s + 1. Let t be d(a). What are the prime factors of g(t)?
11
Let y be 17 + -17 - (0 + -2). Suppose -y*j + 115 = 21. What are the prime factors of j?
47
Suppose -37 - 65 = -2*m. What are the prime factors of m?
3, 17
Suppose 2*i - 252 = 2*g, 3*g - 4*g = 2*i - 261. What are the prime factors of i?
3, 43
Suppose -5*r = 4*a - 18, -3*r + 29 = 3*a + 2*a. List the prime factors of a.
7
Let n(k) = 5*k + 3. Let a(j) = -4*j - 2. Let z(g) = -3*a(g) - 2*n(g). What are the prime factors of z(2)?
2
Let p(v) = 2*v + 10. Let t be p(-5). What are the prime factors of (t + -2)/((-1)/2)?
2
Let i(l) = l**3 - 9*l**2 - l + 1. Let h be i(9). Let n = 15 + h. What are the prime factors of n?
7
Let s be 6/(-27) + (-399)/27. What are the prime factors of (-8)/6*s/2?
2, 5
Let i be (-2)/(2 - 9/4). Suppose 2*u = u - i. What are the prime factors of 2/u - (-58)/8?
7
Let d = 31 + -7. Let j = d - -13. List the prime factors of j.
37
Let q = -4 - -84. What are the prime factors of q?
2, 5
Let r = -9 - -49. List the prime factors of r.
2, 5
Suppose 4*o + 2*x - 30 = 50, 5*o - 4*x = 113. Let z = 19 + o. What are the prime factors of z?
2, 5
Suppose -d + 9 = -3*j + j, -3*d = -15. List the prime factors of (-1)/(0 + j/34).
17
Let y = 20 - -8. List the prime factors of y.
2, 7
List the prime factors of ((-84)/(-35))/(6/100).
2, 5
Suppose 0 = -5*m - 20, 0*v - 2*v - 5*m = -86. What are the prime factors of v?
53
Suppose -5*o - 3*q + 8*q + 660 = 0, 0 = q + 3. Let s = -65 + o. Suppose -s = 4*a - 8*a. What are the prime factors of a?
2
Let i = 6 + -13. Let f = i + 11. Suppose g - f = -g. What are the prime factors of g?
2
Suppose 2*x - 5*x + 360 = 0. Suppose -x = 5*h - 285. Suppose 2*j + j - h = 0. List the prime factors of j.
11
Let c(g) = -g**2 - g - 5. Let i be c(0). Let x = i + 28. What are the prime factors of x?
23
Suppose -3*n = 0, 0*a + 5*a - n = 25. Let q = 3 - 1. Suppose d - 49 = -4*d + l, a*l + q = -2*d. What are the prime factors of d?
3
Suppose 2*z = 10, -18 - 70 = -k - 2*z. What are the prime factors of k?
2, 3, 13
What are the prime factors of (-2 - -3)/(1/203)?
7, 29
Suppose -5*w = -3*j - 160, 0*j - 3*w - 30 = j. Let a = 65 + j. List the prime factors of a.
2, 5
Suppose 355 = -331*a + 332*a. What are the prime factors of a?
5, 71
What are the prime factors of (3 + 1*-6)*(-4 - 5)?
3
Let b(s) = -7 + 8*s + 1 + 3. List the prime factors of b(2).
13
Let t be (-2)/4 - 242/4. List the prime factors of t/(-7) + (-2)/(-7).
3
Let a(h) = 2*h**2 - h + 25. Suppose 2*g + 26 = 4*g. Let f(w) = w**2 + 12. Let x(n) = g*f(n) - 6*a(n). What are the prime factors of x(-6)?
2, 3
Let u be ((-28)/6 + 2)/((-4)/6). Let w(q) = 2*q**2 - 2*q + 7. Let a be w(-5). Suppose -4*t = -5*d + a, u*t - 32 = -2*d + 3*t. What are the prime factors of d?
3, 5
Let r = -12 + 16. Let d = 11 + -3. Suppose r = -k + d. What are the prime factors of k?
2
Let a = -22 + 115. List the prime factors of a.
3, 31
Let z(s) = 31*s**2 - 30*s**2 - 3 + 1 - 2*s. What are the prime factors of z(7)?
3, 11
Suppose -3*x - 44 = -5*x. List the prime factors of x/(-4)*(-20)/5.
2, 11
Suppose 2*w + 3 = 5*w. Let p(m) = 6*m**2 + 9*m - 8. Let h(i) = -6*i**2 - 8*i + 7. Let v(l) = -7*h(l) - 6*p(l). List the prime factors of v(w).
7
Let g = -13 + 17. List the prime factors of 14*3 + (g - 3).
43
Let d = -19 + 83. What are the prime factors of d?
2
Suppose 258 - 26 = 2*i - 4*t, -3*i = -2*t - 348. What are the prime factors of i?
2, 29
List the prime factors of (2/(-5))/(1/(-150)).
2, 3, 5
Suppose 0 = -j - 0 + 2. Let q = 2 - j. Suppose q = -0*r - 2*r + 28. What are the prime factors of r?
2, 7
Let h = -10 - -17. What are the prime factors of h?
7
Suppose -c = -3*c + 14. Let w(k) = k**2 - 4*k - 5. Let l be w(4). Let y = c + l. List the prime factors of y.
2
Suppose 0 = -u - 2*x + 7 + 5, -5*u = -2*x - 108. What are the prime factors of u?
2, 5
Let l(v) be the second derivative of -v**5/20 - v**4/6 + v**3/6 + 2*v**2 - 2*v. Let m be l(-3). What are the prime factors of (-4)/m + (-54)/(-10)?
5
Suppose -2*r = -3*g + 11, -4*g - 5*r - 5 = -7*g. Suppose v - 37 + g = 0. List the prime factors of v.
2
Let h be (0 - (-3 - -17))/(-2). Let i = h - 4. List the prime factors of i.
3
Let y = -63 + 95. What are the prime factors of y?
2
Suppose -4*b - 2 = -5*b. Suppose -w - 42 = -l - 5*w, -4*w = b*l - 88. List the prime factors of l.
2, 23
Suppose -4*m = m - 200. List the prime factors of m.
2, 5
Let u(s) = 2*s + 3. List the prime factors of u(7).
17
Suppose -3*h + 6 = -h. Let u = 2 + -3. What are the prime factors of h - -6 - 3*u?
2, 3
List the prime factors of -3 - (-8 + -13) - (0 - -1).
17
Let z = -4 + 4. Suppose -5*k = -5*o - 125, 4*k - k + o - 55 = z. List the prime factors of k.
2, 5
Suppose -5*v = -5*c - 205, c + 62 + 155 = 5*v. What are the prime factors of v?
2, 11
Let v(x) = 17*x + 14. What are the prime factors of v(3)?
5, 13
Suppose -3*d = -7*d + 88. Suppose -g = g - d. List the prime factors of g.
11
List the prime factors of 5/20 - (-182)/8.
23
Let b = -42 - -201. List the prime factors of b.
3, 53
What are the prime factors of (6 + (-36)/8)*100/3?
2, 5
Suppose 0 = 5*p - 12 + 52. List the prime factors of 4/p + (-117)/(-6).
19
Let b(m) = -m**3 + 8*m**2 + 13*m - 8. Let j be b(9). Suppose -a + j = 3*a. List the prime factors of a.
7
Let c = -2 - -7. Suppose -c*g = -i + 4 + 3, -3*g + 63 = 5*i. What are the prime factors of i?
2, 3
Let f(i) = -19*i - 72. List the prime factors of f(-15).
3, 71
Let j be ((-10)/3)/((-3)/9). Let u = j - 0. List the prime factors of u.
2, 5
Let o be -2*(-12 - (-1 + -1)). Let v be ((-24)/10)/(3/o). Let a = v + 32. What are the prime factors of a?
2
Let k(q) = -4*q**3 + 4*q**2 + 2*q - 2. Suppose -2*g - 6 = -2. What are the prime factors of k(g)?
2, 3, 7
Let m(l) = -l**2 + 5*l + 4. Let y be 4/2 + 1 + -3. Suppose -u - 22 = -5*u + 2*x, y = -4*u + 5*x + 25. List the prime factors of m(u).
2
Suppose 0 = -3*t - 4*w + 35, -3*t = -7*t + w + 15. Suppose 4*k - 18 = -t*i, 0 = -5*i - k + 9 + 3. What are the prime factors of i?
2
Let n = 9 + -4. Let b be 3/(n/((-25)/(-3))). Suppose -b + 45 = 5*x. List the prime factors of x.
2
Suppose 0 = 4*m - 4*w - 36, 10 = 2*m - 4*m - 5*w. Suppose -m*i = -b + 5*b - 41, -2*i = -2*b - 2. What are the prime factors of b?
2
Let d be -8 + 5 - 8/(-1). Suppose 5*f - 220 = -d. List the prime factors of f.
43
Suppose -4*a = 3*f - a + 9, 2*f + 4*a = -14. Let s(r) = r**3 + 2*r - 1. Let m be s(2). Suppose -2*g + m = f. List the prime factors of g.
5
Suppose -10 = o - 0*o. Let v(x) = -x**3 - 7*x**2 - 4*x + 7. Let d be v(-6). Let f =